the units digit of 2210?
0
What is the hundreds digit of 583?
5
What is the tens digit of 50864?
6
What is the thousands digit of 5248?
5
What is the hundreds digit of 5935?
9
What is the thousands digit of 23633?
3
What is the units digit of 146?
6
What is the thousands digit of 13189?
3
What is the units digit of 1164?
4
What is the units digit of 1946?
6
What is the units digit of 9502?
2
What is the hundreds digit of 1103?
1
What is the hundreds digit of 14188?
1
What is the tens digit of 283?
8
What is the hundreds digit of 1994?
9
What is the ten thousands digit of 21417?
2
What is the units digit of 5987?
7
What is the ten thousands digit of 11443?
1
What is the hundreds digit of 140?
1
What is the hundreds digit of 849?
8
What is the hundreds digit of 1129?
1
What is the hundreds digit of 288?
2
What is the thousands digit of 2329?
2
What is the hundreds digit of 873?
8
What is the hundreds digit of 12802?
8
What is the hundreds digit of 107486?
4
What is the units digit of 687?
7
What is the hundreds digit of 13930?
9
What is the tens digit of 73077?
7
What is the thousands digit of 4409?
4
What is the thousands digit of 1307?
1
What is the tens digit of 74380?
8
What is the units digit of 15526?
6
What is the hundreds digit of 994?
9
What is the hundreds digit of 11988?
9
What is the units digit of 89305?
5
What is the thousands digit of 1875?
1
What is the hundreds digit of 65368?
3
What is the thousands digit of 181247?
1
What is the hundreds digit of 1687?
6
What is the units digit of 298?
8
What is the units digit of 49993?
3
What is the hundreds digit of 878?
8
What is the tens digit of 11751?
5
What is the tens digit of 1084?
8
What is the hundreds digit of 85960?
9
What is the thousands digit of 1443?
1
What is the tens digit of 1522?
2
What is the ten thousands digit of 177791?
7
What is the tens digit of 1294?
9
What is the units digit of 1220?
0
What is the tens digit of 53835?
3
What is the tens digit of 14?
1
What is the units digit of 521?
1
What is the tens digit of 7083?
8
What is the units digit of 142276?
6
What is the hundreds digit of 549?
5
What is the tens digit of 7871?
7
What is the thousands digit of 8396?
8
What is the units digit of 1287?
7
What is the hundreds digit of 2633?
6
What is the tens digit of 50064?
6
What is the tens digit of 80?
8
What is the hundreds digit of 2305?
3
What is the units digit of 9459?
9
What is the units digit of 7884?
4
What is the tens digit of 88664?
6
What is the units digit of 17622?
2
What is the thousands digit of 14375?
4
What is the ten thousands digit of 19826?
1
What is the units digit of 27932?
2
What is the units digit of 4646?
6
What is the hundreds digit of 555?
5
What is the hundreds digit of 43987?
9
What is the units digit of 380?
0
What is the tens digit of 14776?
7
What is the tens digit of 2687?
8
What is the tens digit of 498?
9
What is the units digit of 7595?
5
What is the hundreds digit of 223?
2
What is the units digit of 7109?
9
What is the thousands digit of 7083?
7
What is the units digit of 27396?
6
What is the units digit of 3223?
3
What is the thousands digit of 5886?
5
What is the tens digit of 21245?
4
What is the units digit of 827?
7
What is the units digit of 9856?
6
What is the thousands digit of 13506?
3
What is the units digit of 248?
8
What is the units digit of 154502?
2
What is the tens digit of 1075?
7
What is the units digit of 813?
3
What is the thousands digit of 18069?
8
What is the tens digit of 1138?
3
What is the ten thousands digit of 65233?
6
What is the tens digit of 897?
9
What is the ten thousands digit of 49907?
4
What is the tens digit of 3823?
2
What is the thousands digit of 2873?
2
What is the tens digit of 735?
3
What is the hundreds digit of 580?
5
What is the thousands digit of 10596?
0
What is the units digit of 719?
9
What is the units digit of 8744?
4
What is the units digit of 2393?
3
What is the thousands digit of 84652?
4
What is the hundreds digit of 53449?
4
What is the units digit of 1618?
8
What is the tens digit of 2061?
6
What is the thousands digit of 3214?
3
What is the ten thousands digit of 24830?
2
What is the hundreds digit of 75207?
2
What is the ten thousands digit of 39458?
3
What is the thousands digit of 17370?
7
What is the units digit of 23658?
8
What is the tens digit of 1704?
0
What is the thousands digit of 15221?
5
What is the tens digit of 6829?
2
What is the ten thousands digit of 12329?
1
What is the tens digit of 13863?
6
What is the thousands digit of 70305?
0
What is the units digit of 8?
8
What is the ten thousands digit of 49711?
4
What is the tens digit of 35731?
3
What is the thousands digit of 4993?
4
What is the hundreds digit of 1002?
0
What is the units digit of 1009?
9
What is the thousands digit of 49297?
9
What is the tens digit of 170?
7
What is the tens digit of 59002?
0
What is the thousands digit of 38450?
8
What is the hundreds digit of 2429?
4
What is the units digit of 69?
9
What is the hundreds digit of 68332?
3
What is the ten thousands digit of 83556?
8
What is the tens digit of 18660?
6
What is the hundreds digit of 73580?
5
What is the thousands digit of 2730?
2
What is the tens digit of 287?
8
What is the units digit of 63408?
8
What is the hundreds digit of 1986?
9
What is the hundreds digit of 1912?
9
What is the units digit of 77018?
8
What is the tens digit of 136571?
7
What is the thousands digit of 7679?
7
What is the hundreds digit of 3128?
1
What is the thousands digit of 2205?
2
What is the units digit of 3808?
8
What is the thousands digit of 2315?
2
What is the tens digit of 8732?
3
What is the tens digit of 1193?
9
What is the hundreds digit of 11246?
2
What is the tens digit of 2884?
8
What is the hundreds digit of 1913?
9
What is the hundreds digit of 8654?
6
What is the hundreds digit of 410?
4
What is the thousands digit of 39569?
9
What is the hundreds digit of 1409?
4
What is the tens digit of 40632?
3
What is the units digit of 24864?
4
What is the ten thousands digit of 31619?
3
What is the tens digit of 7236?
3
What is the hundreds digit of 347?
3
What is the units digit of 8189?
9
What is the units digit of 5981?
1
What is the tens digit of 3723?
2
What is the hundreds digit of 30041?
0
What is the thousands digit of 2759?
2
What is the units digit of 2392?
2
What is the thousands digit of 3010?
3
What is the hundreds digit of 9229?
2
What is the tens digit of 1083?
8
What is the units digit of 1269?
9
What is the thousands digit of 1938?
1
What is the thousands digit of 1648?
1
What is the thousands digit of 2170?
2
What is the thousands digit of 130519?
0
What is the hundred thousands digit of 144866?
1
What is the hundreds digit of 29748?
7
What is the tens digit of 37142?
4
What is the hundreds digit of 23086?
0
What is the hundreds digit of 3861?
8
What is the units digit of 14834?
4
What is the thousands digit of 57072?
7
What is the tens digit of 765?
6
What is the tens digit of 3401?
0
What is the hundreds digit of 272?
2
What is the units digit of 45330?
0
What is the ten thousands digit of 135535?
3
What is the units digit of 2583?
3
What is the hundreds digit of 1498?
4
What is the hundreds digit of 109?
1
What is the hundreds digit of 1233?
2
What is the thousands digit of 5859?
5
What is the tens digit of 2719?
1
What is the tens digit of 8574?
7
What is the tens digit of 8283?
8
What is the tens digit of 11507?
0
What is the thousands digit of 1968?
1
What is the hundreds digit of 2317?
3
What is the ten thousands digit of 85819?
8
What is the units digit of 171692?
2
What is the units digit of 1641?
1
What is the tens digit of 766?
6
What is the units digit of 30539?
9
What is the units digit of 1395?
5
What is the tens digit of 8532?
3
What is the units digit of 101?
1
What is the thousands digit of 29390?
9
What is the tens digit of 1010?
1
What is the ten thousands digit of 185425?
8
What is the units digit of 2604?
4
What is the units digit of 824?
4
What is the thousands digit of 5415?
5
What is the hundreds digit of 780?
7
What is the units digit of 283?
3
What is the units digit of 87097?
7
What is the thousands digit of 22524?
2
What is the tens digit of 1613?
1
What is the thousands digit of 93181?
3
What is 